
Let w(l) be the second derivative of l**4/6 + l**3/3 + 5*l**2/2 + l. Let d be w(4). What is the greatest common factor of 9 and d?
9
Let v be ((-308)/(-2))/(-2)*-1. Let x(j) = -2*j - 5. Let d be x(-6). What is the greatest common divisor of v and d?
7
Suppose 3*s = -0*s + 27. Suppose 0 = u + 2*n + 6, -5*n = 3*u - n + 14. Let i be -42*(u - (-16)/14). What is the highest common divisor of s and i?
9
Let t = -3 - -6. Suppose -t*k = -0*p - p - 125, 5*k = 5*p + 225. Calculate the greatest common divisor of k and 60.
20
Let z be 169 + 3 + (7 - 4). What is the highest common factor of 50 and z?
25
Suppose -12*b + 10*b = -26. Calculate the highest common divisor of 26 and b.
13
Let f(s) = 6*s**2 - 4*s. Let g be f(2). What is the highest common divisor of g and 2?
2
Let w(m) = 214*m**2 + 3*m - 1. Let f be w(1). Calculate the highest common factor of 8 and f.
8
Let a(i) = 3*i - 7. Let y be (-5 - (-8 - -4))*-9. Let m be a(y). Let p be (1 + -2)/(2/(-10)). What is the highest common divisor of p and m?
5
Let z = -6 - -9. Suppose 10 - 145 = -z*v. Calculate the highest common divisor of 5 and v.
5
Let w(l) = 11*l**2 - 2*l + 3. Let p be w(-3). Let a(y) = -y**3 + 6*y**2 + 3*y - 6. Let m be a(6). What is the greatest common factor of p and m?
12
Let y be (12/4)/(12/160). Let d = 11 + -8. Suppose d*o + q - 29 = 0, -4*o + 4*q + 17 = q. Calculate the greatest common divisor of y and o.
8
Let g = -31 - -37. What is the greatest common factor of g and 42?
6
Suppose -2*q - 3*q - 2*u = -46, 2*u + 2 = q. Calculate the highest common divisor of 12 and q.
4
Let v(s) = 2*s - 16. Let z be v(28). What is the highest common factor of 10 and z?
10
Let u = 183 + -123. What is the greatest common factor of 12 and u?
12
Suppose 5*d - 112 = -3*r, 0 = 3*r - d + 2*d - 104. Calculate the greatest common factor of 170 and r.
34
Suppose -10*f = -f - 90. Let r = -26 - -36. What is the greatest common divisor of f and r?
10
Let c be (-14)/(-4) - 2/4. Let a(t) = -t**2 + 4*t**3 - 5*t**c - 6*t**3. Let w be a(-1). Calculate the greatest common divisor of 48 and w.
6
Suppose 7 = 2*h - b, b = h + 2*b + 1. Calculate the greatest common divisor of h and 18.
2
Let z = 5 - -1. Suppose -3*l + 4 = -5*v + 3, 1 = l - v. Calculate the highest common factor of l and z.
2
Let p = 34 - 12. Let r be (-55)/3*15/(-5). What is the greatest common factor of r and p?
11
Let m be 174*(5/3 - 1). Suppose 0 = -q + 5*q - m. Let g = q + 6. Calculate the greatest common divisor of 5 and g.
5
Suppose 0 = p + t - 11, 0*p + p + 3*t = 21. Let g = -1 + p. What is the highest common divisor of g and 35?
5
Suppose 3*g = 131 - 41. Calculate the highest common divisor of g and 15.
15
Let j(v) = -v**2 - v. Let o be j(3). Let q be (o/8)/(3/(-16)). Calculate the greatest common factor of 72 and q.
8
Let y be (-9)/(-27) + 65/3. What is the greatest common divisor of y and 55?
11
Let j be (12/(-8))/((-2)/4). Suppose 6 = j*o - o. What is the highest common divisor of 33 and o?
3
Let o(z) = 2*z**2 - 7. Let a = 3 + 4. Suppose 0*k - k = a. Let g be o(k). Calculate the highest common divisor of g and 13.
13
Suppose 0 = -f - w + 7, -4*f - 2*w + 0*w + 34 = 0. Let l = 16 - f. What is the greatest common divisor of 24 and l?
6
Let m be 45 + (0/(-3))/(-3). Suppose -1 = q - 4*j - 14, 41 = 4*q - 5*j. Calculate the greatest common divisor of q and m.
9
Suppose -76 = 3*h - 172. What is the greatest common divisor of 48 and h?
16
Suppose -y + 6*y = 70. Suppose 5*j - 4*a = 626, -3*j = -4*j - a + 127. Suppose -4*q + q + j = 0. Calculate the greatest common factor of y and q.
14
Let g be ((-12)/8)/(2/(-4)). Suppose -3*w = 4*n - w - 34, -w = g. What is the greatest common factor of n and 4?
2
Let q = -13 + 22. Let j = -5 + q. Suppose -n - 3*x = -33, 3*n - 65 - 34 = -j*x. What is the highest common divisor of 22 and n?
11
Suppose 0*b - 99 = -2*b + 3*q, 2*b = -4*q + 106. What is the highest common divisor of b and 17?
17
Let u be 20/1 + 6/(12/6). What is the highest common divisor of 115 and u?
23
Let n = -7 + 11. Let p be 1 + n/(8/(-10)). Let l = p - -7. Calculate the highest common factor of 12 and l.
3
Let y(c) = c**3 + c + 2. Let m be y(0). Suppose 0 = -3*a + m*a + 11. What is the highest common divisor of a and 33?
11
Suppose 155 = 4*h - 3*c, h = -c + 5 + 25. Suppose -3*u + 2 = -1. Let b be 9 - (u - (0 + -1)). Calculate the highest common divisor of h and b.
7
Let g be (1 - -17) + 1 + -2. What is the highest common divisor of g and 85?
17
Let r be (176/(-12))/(-4)*9. Suppose 12*l = 15*l - r. Calculate the greatest common factor of l and 77.
11
Let x(j) = -j - 6. Let m be x(-8). Let h = m - -22. What is the greatest common factor of h and 8?
8
Suppose n + 0 = -1. Let t(z) = -7*z**3 + 2*z**2 + z. Let a be t(n). Calculate the highest common factor of 56 and a.
8
Suppose -3*i - 3 = -39. What is the greatest common divisor of i and 16?
4
Let z be (-8)/(-12) - (-7)/3. Suppose 0 = -4*i + 3*i + z*n + 12, 3*i - 28 = n. Let h be 2/(-1 + (-58)/(-54)). Calculate the highest common factor of i and h.
9
Suppose -2*s = -11 - 7. Let a(p) = p**3 - 8*p**2 - 9*p + 10. Let y be a(s). Calculate the highest common divisor of 90 and y.
10
Let b be 5/(-8 + 171/21). Let c = 0 - -7. Calculate the highest common divisor of b and c.
7
Let a = 18 + 102. Let y = a - 44. What is the greatest common factor of y and 19?
19
Let p = 121 + -51. Let c(j) = -j**3 - 14*j**2 - j. Let u be c(-14). What is the greatest common factor of u and p?
14
Suppose 0 = 7*b + 1 - 15. Calculate the greatest common divisor of b and 6.
2
Let q = 44 + 88. What is the greatest common factor of q and 33?
33
Suppose -40 = -2*z + 5*u, 2*z + z = 2*u + 71. Suppose -6*x + z = -x. What is the greatest common divisor of 5 and x?
5
Let j(h) = 8*h**2 + 2*h + 3. Let x be j(3). Calculate the greatest common factor of x and 9.
9
Let f be 14/(-35) + (-232)/(-5). Suppose 2*z + z - u - f = 0, -2*u - 77 = -5*z. Calculate the highest common factor of z and 75.
15
Let c = 4 - 4. Let d = 5 - 3. Suppose c*q = -q - d*u + 4, -q - 11 = 5*u. Calculate the highest common divisor of 28 and q.
14
Suppose -4*l - 2*b = 8, -l - 5 = 4*l + 5*b. Let y(g) = -g - 4. Let q be y(l). Let w = q + 29. Calculate the greatest common factor of 14 and w.
14
Suppose -5*r + 4*r = -160. Let u = -70 + 110. Suppose -u = 2*b - 4*b. What is the greatest common divisor of b and r?
20
Let g(i) = i**2 - 5*i + 3. Let b be g(6). What is the highest common divisor of b and 63?
9
Let g be (8/3)/((-14)/(-21)). Suppose -6 = -v + 2. Calculate the highest common divisor of v and g.
4
Let y(m) = -10*m - 19. Let d be y(-10). Calculate the greatest common factor of 27 and d.
27
Suppose 0 = -3*y - 2*y + 140. Calculate the highest common divisor of 21 and y.
7
Suppose -1307 = 3*k - 4*c, 0 = -3*k - 2*c - 2059 + 746. Let q = k + 626. Calculate the greatest common divisor of 21 and q.
21
Suppose 3*f = -2*m + 34, -f - 4*m = 2 - 10. What is the greatest common factor of 8 and f?
4
Suppose -2*i + 54 = -3*o, 4*o + 78 = 3*i + o. Suppose -3*s = s - 64. Calculate the highest common divisor of s and i.
8
Let v be 3 - (-7 - (-1 + -2)). Let i = 1 + v. Calculate the highest common factor of i and 16.
8
Suppose -6 + 2 = -2*m. Suppose -u + 0*u = 3*c - 10, -29 = -m*u - 3*c. What is the greatest common factor of u and 95?
19
Let g be 1/(-1)*(0 - 0). Suppose g*y = -y + 14. Calculate the greatest common factor of y and 2.
2
Let w(j) = 2*j**3 - 7*j**2 - 9*j. Let h be w(6). Let b(a) = a**2 + 3*a. Let d be b(3). What is the greatest common divisor of h and d?
18
Let j = -1 - -7. Let v(y) be the second derivative of 3*y**4/4 - 2*y. Let w be v(1). Calculate the greatest common divisor of j and w.
3
Let r = 155 - 77. Suppose -3*i = -f + r, -5*f - 2*i + 139 = -166. Calculate the greatest common factor of f and 9.
9
Suppose -2*n = -4 - 24. Calculate the highest common divisor of 14 and n.
14
Let f(o) = -o**3 + 5*o**2 + 7. Let l be f(5). Let t = 0 + 7. What is the highest common divisor of l and t?
7
Let b = 239 - 183. Calculate the greatest common divisor of b and 7.
7
Let b be 2/7 + 565/7. Let q = b + -48. Suppose -5*p + 0*p = -55. What is the greatest common divisor of p and q?
11
Suppose -x + 14 = 2*c, 2*c = -c - 5*x + 21. Suppose -2 = -3*w + 1. Calculate the highest common divisor of w a